se 5*k = 4*d + 4, 2*d + d - 3*k + i = 0. Let o(a) = -a**3 - 4*a**2 + 8*a - 4. What is the units digit of o(d)?
0
Suppose 3*a = 2*a + 3. Let y be (-4 + 1)/a + -9. What is the units digit of (-2)/(-5) - 36/y?
4
Let d(k) = -k**2 + k. Let j be d(1). What is the units digit of (j + 1)/(-2)*-30?
5
Suppose 0*r - 2 = -r. Suppose -3*x + 3 = 3*j, -4*j = -r*x - 2*x - 20. What is the units digit of x/(-1)*3/6?
1
Let l be (-4)/14 - (-4)/14. Let z(t) = -t**2 - t + 12. What is the units digit of z(l)?
2
Let r = -16 + -18. Let i be (-8)/(-36) + r/(-9). Suppose -5*h + 14 = -s - 3*s, 2 = 3*h + i*s. What is the units digit of h?
2
Suppose -3*k - 5 = -2. Let h(p) = -13*p**3 - p**2 - 2*p - 1. What is the tens digit of h(k)?
1
Let k = 56 + -33. What is the units digit of k?
3
Let a = -8 + 4. Let d = a + 5. What is the units digit of d?
1
Suppose -2*i + 16 = 2*i. Suppose -i*m = 5*y - 29, 0*m + 2*m - 17 = -5*y. What is the units digit of m?
6
Let o(g) = -4*g - 30. Let h(i) = -5*i - 31. Let x(p) = 3*h(p) - 4*o(p). What is the tens digit of x(-11)?
1
Let m(a) = -2*a**2 - 2*a - 5. Let i(n) = n**2 + n + 1. Let x(w) = 4*i(w) + m(w). What is the units digit of x(-2)?
3
Suppose -67 = -5*b + 143. Suppose -r + 2*r + b = 5*c, 5*c + 4*r - 57 = 0. What is the units digit of c?
9
What is the units digit of -1 - (-38)/34 - (-4070)/85?
8
Let a(n) = 2*n - 2 + 3 - 4*n. What is the units digit of a(-1)?
3
Suppose -4*u + 497 = 3*u. What is the tens digit of u?
7
Suppose -2*z - 3*h + 268 = -151, 2*z - 5*h = 395. What is the units digit of z?
5
Suppose -4*w = -2*w - 12. Let t = 4 + -8. Let q = t + w. What is the units digit of q?
2
Suppose 0 = -9*b + 7*b + 14. What is the units digit of b?
7
Let u be (-1 - -2)*9/(-1). Let b(q) = -q**3 - 9*q**2 - 3*q - 1. What is the tens digit of b(u)?
2
Suppose -3*r + 5*j = -15, 4*r - 2*j = 3*r + 5. Let b be (-3)/1 + (3 - 2). Let q = r + b. What is the units digit of q?
3
Let a(d) = d**3 - 6*d**2 + 3. Let v be a(6). Let k(m) = m**2 - 7*m + 9. Let b be k(8). Suppose -u + b = -2*q, 3*u - 6 - 9 = -v*q. What is the units digit of u?
9
What is the tens digit of (-21)/(-2)*448/84?
5
Suppose -p = -2*q - q - 13, 3*p = -4*q. What is the units digit of p?
4
Let v = 11 + -8. Let f be (47 + -2)*v/9. Suppose 2*u = u + f. What is the tens digit of u?
1
Suppose 0 = 4*h - 7*q + 2*q, 3*h + 3*q = 0. Suppose l - 18 - 13 = h. What is the tens digit of l?
3
Let p(n) = 7*n - 10. What is the tens digit of p(6)?
3
Let u(h) = h**3 + 4*h**2 + h + 5. What is the units digit of u(-4)?
1
Let o be ((-2)/6)/((-1)/6). Let x be (3/(-2))/((-3)/o). What is the units digit of -1 - -9 - 1/x?
7
What is the tens digit of (-407)/(2 - 3) - -4?
1
Let o(y) = 15 - 9*y - 4*y - 10*y**3 + 13*y**2 + 9*y**3. Let p be o(12). Suppose 0 = -3*i - z - 0 + 15, 0 = -p*i + 2*z + 6. What is the units digit of i?
4
Suppose 2*n + j = -3*n - 13, 4*j + 2 = 5*n. What is the tens digit of (-10)/5 + (-46)/n?
2
What is the tens digit of (-5 - -2)*(-42)/3?
4
Suppose 5*m - 2*m - 18 = 0. Suppose 4*j = f + 1, -2*j = -m*j + 4. Let t(p) = 2*p**2 - 4*p + 4. What is the units digit of t(f)?
0
What is the hundreds digit of 2 + -2 + 292/2?
1
Suppose -4 = -2*q, q + 168 = -4*v + 50. Let n = v - -49. What is the tens digit of n?
1
Let m(r) be the first derivative of 3*r**4/4 - r**3/3 + 3*r**2/2 - 3*r + 1. What is the tens digit of m(2)?
2
Let d(t) = t**3 + 10*t**2 + 10*t + 12. Let a be d(-9). Suppose 3*y + 3*m - 53 = -y, -y = a*m - 11. What is the units digit of y?
4
Suppose 0 = -j - 3*j + 16. Let v(h) = h**3 - 2*h**2 - 5*h + 6. What is the units digit of v(j)?
8
Let j be (-4)/14 + 150/35. Let i = 6 - 3. Suppose -i*l - 12 = -j*l. What is the tens digit of l?
1
Suppose 5*b - 15 = -5. Suppose b*k + 16 = 3*k. What is the units digit of k?
6
Let r be (-36)/(-2)*8/6. Let y = 14 - r. What is the units digit of (1/(-2))/(1/y)?
5
Suppose -p - 3*l = l + 10, 0 = 3*p + 3*l + 3. Suppose 10 = p*m + 2. Suppose 0 = t - 5*t + 2*o, m*o = 5*t + 6. What is the units digit of t?
2
Let y be ((-4)/(-3))/((-12)/90). Let p be 15 + -1*(0 + -2). Let f = y + p. What is the units digit of f?
7
Let i(r) = 2*r**2 - r - 3. Suppose 0 = -5*l + 9 + 6. What is the tens digit of i(l)?
1
Suppose 2 = -2*x + 22. What is the tens digit of 53/2 - (-5)/x?
2
Let o = 115 - -4. What is the hundreds digit of o?
1
Let k be (24/9)/(6/9). Suppose k*v - v + 24 = 0. What is the units digit of (v/20)/((-1)/15)?
6
Let p(f) = -f**2 - 3*f - 5. Let m be p(-2). What is the units digit of (2/m)/(2/(-51))?
7
Let u = 385 + -41. Let n be (-2)/8 - u/32. Let z = 2 - n. What is the tens digit of z?
1
Let m = -20 + 30. Suppose 12 = 2*f - 5*v, 4*v + 2 = 2*f - m. Let g = f + -5. What is the units digit of g?
1
Suppose -2*g - 109 = -515. What is the units digit of g?
3
Let k = -2 - -4. Suppose 6*q - k*q - 20 = 0. Let d = q - 4. What is the units digit of d?
1
Let h(l) = l**3 + 7*l**2 - 9*l + 6. Suppose -5*m - 5*b = 23 + 7, 3*m - b + 26 = 0. What is the tens digit of h(m)?
1
Suppose -10 - 10 = -4*x. Suppose -w = -u - 19, -x*w + 97 = -2*u - 7. What is the units digit of w?
2
Let q be (-2)/((-32)/15 + 2). Suppose 6*l - 20 = l. Suppose l = -y + q. What is the tens digit of y?
1
Let b(y) = y**2 - 13*y + 14. Let a be b(12). Suppose -3*j = 5*h - 2*h, 0 = -a*j + 5*h + 7. What is the units digit of j?
1
Let m = 7 + -5. Suppose -6 = -m*g, 0*i - 14 = -2*i - 2*g. What is the units digit of i?
4
What is the units digit of (24/(-15))/((-8)/180)?
6
What is the hundreds digit of 9056/56 - 4/(-14)?
1
Let t be 4/(-6) + 78/9. Let h = t + -7. Let r(u) = 19*u + 1. What is the units digit of r(h)?
0
Suppose -3*f - 4 = -2*f. Let r be (-28)/6 - f/6. What is the units digit of 1/(-4) - 5/r?
1
Let x be 0 + 5 + -3 + 1. Suppose 2*d - 3 = -x*j - 0, 5*d = j - 18. Suppose -o + 1 = j*m, -4*m - o - 4*o = 6. What is the units digit of m?
1
Let r(n) = 5*n - 1. Let m = -6 - -8. Suppose m = -k + 6. What is the units digit of r(k)?
9
Let n(s) = -s**2 + 7*s - 2. Suppose 5*w = 0, 2*w = 5*d + 4*w - 25. What is the units digit of n(d)?
8
Let h(i) = 10*i. Let r(q) = q**2 + 2*q - 2. Let u be r(-3). What is the units digit of h(u)?
0
Let y = 97 - 2. What is the tens digit of y?
9
Let g(k) = -4*k**3 + k. Let h = 10 - 4. Let w(p) = -p + 5. Let l be w(h). What is the units digit of g(l)?
3
Let c(r) = -17*r + 55. What is the tens digit of c(-10)?
2
Let n be (-1)/(((-21)/30)/7). Suppose -2 = -2*k + 2*s + n, k = 4*s + 15. What is the units digit of k?
3
Let q = 5 + -3. Let o(s) = 1 + 0*s**3 + 0*s**3 - 3*s**q + s**3. What is the units digit of o(3)?
1
Suppose 18 + 14 = 2*f. What is the tens digit of f?
1
Let x = 72 - 126. Let z = x - -96. What is the tens digit of z?
4
Let s = -15 + -23. Let k = -21 - s. What is the units digit of k?
7
Suppose -4*p = 2*y - 5*y - 65, 5*p - 64 = -2*y. Let l = p + -6. Let w = l - 0. What is the units digit of w?
8
Let p be (-1)/(-3)*3 + -1. Let k(b) = b + 16. What is the tens digit of k(p)?
1
What is the tens digit of (34 - 1)/((-3)/(-2))?
2
Let x = -30 - -40. What is the tens digit of x?
1
Let r(g) = -g**3 + 6*g**2 + g. Suppose -4*i + 79 = -3*w, -4*i = -2*i + 3*w - 17. Let t = i + -10. What is the units digit of r(t)?
6
Suppose 0 = 2*t - 6, 1 = -2*f + t - 0. Suppose 4*u - 17 = -f. What is the units digit of u?
4
Let l = 0 + 6. Suppose -3*k + 30 = -l. Let m = k + -7. What is the units digit of m?
5
Let b(j) = j + 14. Let h = 31 - 43. Let w = 6 + h. What is the units digit of b(w)?
8
Let k(r) = 9*r**2 + 5*r - 5. What is the hundreds digit of k(5)?
2
Suppose 0 = -4*d + 5 + 3. Suppose -4*y + 5 + 7 = 0. Suppose -d*g + y = -7. What is the units digit of g?
5
Suppose 0 = -2*d - 1 + 9. Suppose -3*c - r = -4*r - 24, 0 = 4*c + 5*r + d. What is the units digit of c?
4
What is the tens digit of 1292/20 - (-1 - (-3)/5)?
6
What is the tens digit of -1*(-1 + -1)*4059/82?
9
Suppose g - 274 = -g. What is the tens digit of g?
3
What is the units digit of 99/3 + 0/2?
3
Let c(g) = 7*g. Let a be c(2). Let r(s) = s**3 + 8*s**2 + 12*s - 6. Let l be r(-6). What is the units digit of (-4)/a*(l + -1)?
2
What is the units digit of -1 + -1 + 3 + 185/5?
8
Let t(o) be the first derivative of o**2/2 + 5*o + 1. Let h be t(-9). What is the units digit of (6/h)/((-33)/352)?
6
Suppose 5*c = 0, -2*w = w - c - 51. Let z(g) = g**2 + g + 5. Let i be 